{"id":5553,"date":"2026-04-19T11:39:38","date_gmt":"2026-04-19T11:39:38","guid":{"rendered":"https:\/\/www.helsingintanssikeskus.fi\/?page_id=5553"},"modified":"2026-04-19T12:11:27","modified_gmt":"2026-04-19T12:11:27","slug":"marianna-strahlmannin-tiiviskurssit","status":"publish","type":"page","link":"https:\/\/www.helsingintanssikeskus.fi\/index.php\/marianna-strahlmannin-tiiviskurssit\/","title":{"rendered":"Fiesta Flamencan lyhytkurssit kev\u00e4\u00e4ll\u00e4 ja kes\u00e4ll\u00e4 2026"},"content":{"rendered":"","protected":false},"excerpt":{"rendered":"","protected":false},"author":1,"featured_media":0,"parent":0,"menu_order":0,"comment_status":"closed","ping_status":"closed","template":"","meta":{"footnotes":""},"class_list":["post-5553","page","type-page","status-publish","czr-hentry"],"_links":{"self":[{"href":"https:\/\/www.helsingintanssikeskus.fi\/index.php\/wp-json\/wp\/v2\/pages\/5553","targetHints":{"allow":["GET"]}}],"collection":[{"href":"https:\/\/www.helsingintanssikeskus.fi\/index.php\/wp-json\/wp\/v2\/pages"}],"about":[{"href":"https:\/\/www.helsingintanssikeskus.fi\/index.php\/wp-json\/wp\/v2\/types\/page"}],"author":[{"embeddable":true,"href":"https:\/\/www.helsingintanssikeskus.fi\/index.php\/wp-json\/wp\/v2\/users\/1"}],"replies":[{"embeddable":true,"href":"https:\/\/www.helsingintanssikeskus.fi\/index.php\/wp-json\/wp\/v2\/comments?post=5553"}],"version-history":[{"count":2,"href":"https:\/\/www.helsingintanssikeskus.fi\/index.php\/wp-json\/wp\/v2\/pages\/5553\/revisions"}],"predecessor-version":[{"id":5587,"href":"https:\/\/www.helsingintanssikeskus.fi\/index.php\/wp-json\/wp\/v2\/pages\/5553\/revisions\/5587"}],"wp:attachment":[{"href":"https:\/\/www.helsingintanssikeskus.fi\/index.php\/wp-json\/wp\/v2\/media?parent=5553"}],"curies":[{"name":"wp","href":"https:\/\/api.w.org\/{rel}","templated":true}]}}